ose -5*s - 3*g = -h, 2*s - 4*g - 68 = -20. Calculate the remainder when s is divided by c(6).
2
Let x = 10 + -22. Let v(l) = -l**2 - 16*l + 4. Let j be v(x). Calculate the remainder when 49 is divided by 1313/j - (-6)/8.
23
What is the remainder when (-2)/(-10) - 5/75*-2577 is divided by 6?
4
Suppose 0 = -3*r + 4*k + 300, -2*k + 200 = 4*r - 2*r. Suppose 10 = -5*n + 95. Calculate the remainder when r is divided by n.
15
Let r be 24/(-14)*28/(-8). Calculate the remainder when (r/4)/((-5)/(-210)) is divided by 33.
30
Let n(i) = i**2 + 2*i + 1. Let s be n(-3). Suppose -2*g + 12 = 2*g, -s*k = -3*g - 31. Calculate the remainder when k/(-4)*52/(-5) is divided by 7.
5
Let u(g) = -2*g**2 + 36*g**3 - 6*g**2 - 34*g**3 - 8 + 9*g - 14. Calculate the remainder when u(5) is divided by 39.
34
Let l(t) = 3*t**2 + 29*t + 2. Let q be l(-10). What is the remainder when 96 is divided by (4/(-6))/(q/(-198))?
8
Let b be (1 - 207)*(-6)/4. Suppose -17*t = -20*t + b. Calculate the remainder when t is divided by 15.
13
Let s = 4 - 18. Let n(a) = 2*a. Let z be n(11). Let v = z + s. What is the remainder when 30 is divided by v?
6
Suppose -5*s - 14*s = -1121. What is the remainder when 67 is divided by s?
8
Suppose 8 = -2*s + u - 3, 0 = 3*s - u + 17. Suppose 5*f + q - 80 = 0, -q + 4*q = 3*f - 48. What is the remainder when (15/(-2))/(s/36) is divided by f?
13
Suppose 28*q - 22*q = 54. What is the remainder when 133 is divided by q?
7
Let w(j) = -14*j + 398. Suppose 7 = 3*x - 4*u - 22, x = 3*u + 18. What is the remainder when w(28) is divided by x?
0
Let n = -15 - -26. Let i(c) = 6*c - 41. Let j(y) = -y + 1. Let b(v) = i(v) + 4*j(v). Calculate the remainder when n is divided by b(20).
2
Suppose 2*c - 1302 = -1260. Calculate the remainder when 165 is divided by c.
18
Suppose 7 = t + 3. Suppose -v - s = -13, t*v - 2*s = -0*v + 34. Calculate the remainder when v is divided by 5.
0
Let l = 514 - -35. What is the remainder when l is divided by 55?
54
Calculate the remainder when ((-2)/(-3))/((-4)/(-708)) is divided by 20 - (-2 + 2 - 4).
22
Let n(c) = 5*c**2 - 8*c + 6. Let x = -15 - -18. Calculate the remainder when n(x) is divided by ((-6)/1)/(3/(-8)).
11
Let g = -225 + 446. Calculate the remainder when g is divided by 25.
21
Suppose -5*z + 183 - 8 = 0. Calculate the remainder when 59 is divided by z.
24
Let r = 71 + -46. Suppose 5*m - 42 = 5*z + 3, 0 = 3*m + z - 43. What is the remainder when r is divided by m?
12
Let g be (1 - (-10)/(-6))*-9. Let n(d) = d - 5. Let f be n(g). Suppose -5*w + 134 = -f. Calculate the remainder when w is divided by 10.
7
Suppose 4*j = 2*j + 20. Let x = -27 - -30. Calculate the remainder when (-96)/80*j/(-3) is divided by x.
1
Suppose 14*b = 5*b - 81. Let j(i) = i**2 - 2*i. Calculate the remainder when j(-6) is divided by (b/5 - (-1)/(-5)) + 19.
14
Suppose -29*k + 30*k = 27. Let g(f) = f**2 - 6*f + 3. What is the remainder when k is divided by g(7)?
7
Let r = 23 + -17. Let d be (-21)/7*8/r. Calculate the remainder when 21 is divided by (-40)/(-25)*(-30)/d.
9
Suppose f + 5*i - 15 = 0, -4 = -3*i + 5. Suppose f = 3*w - 6. Suppose -2*m + 32 = 2*y + 2*y, w*m - 2 = -y. What is the remainder when 38 is divided by y?
8
Let u = 266 + -139. What is the remainder when u is divided by 70?
57
Suppose 901 + 287 = 9*l. Suppose i - 1 = 0, i - l = -5*t - i. What is the remainder when t is divided by 7?
5
Let u = 258 - 233. What is the remainder when 93 is divided by u?
18
Let t(o) = -o**3 - 13*o**2 - 12*o + 15. Let k be t(-12). Suppose 2*b = -b + k. Let m(l) = 5*l**2 + l - 7. What is the remainder when m(b) is divided by 31?
30
Suppose -4*y + 188 = -592. What is the remainder when y is divided by 9?
6
Suppose 0 = -5*o - 0 + 15. Suppose -7*q - 4*q + 176 = 0. Calculate the remainder when q is divided by o.
1
Let c = -34 + 53. Let s(g) = -3 - 40*g - 44*g + 2 + 78*g. What is the remainder when s(-6) is divided by c?
16
Let t = -46 - -51. Suppose 3*v - t*v + 116 = 0. Calculate the remainder when v is divided by 20.
18
What is the remainder when 12/9 - (-526)/6 is divided by 27?
8
Let n = 9760 + -9747. What is the remainder when -1 + -1*(-27 + 1) is divided by n?
12
Let p = -97 + 350. Let r = p + -152. Calculate the remainder when r is divided by 26.
23
Suppose 302*z - 299*z - 159 = 0. What is the remainder when 103 is divided by z?
50
Calculate the remainder when (1 + -1 - 2)*-43 is divided by 29.
28
Let r = 471 - 400. Suppose 0 = -5*x + 1 + 44. What is the remainder when r is divided by x?
8
Let w = 767 + -697. What is the remainder when 908 is divided by w?
68
Let o = 231 + -226. Suppose o*c + 153 = 22*c. Let u = -25 + 69. What is the remainder when u is divided by c?
8
Let f(g) = g**3 - 12*g**2 + 30*g - 174. Suppose -2*d + 622 = 66. Suppose -o + d = o. What is the remainder when o is divided by f(11)?
34
Suppose -7*i = -3*i - 56. Calculate the remainder when 8/352*2348 - (-12)/(-33) is divided by i.
11
Let h = 80 - 76. Let d = -100 + 149. Suppose 5*t - h*c = t + 124, -t - 5*c + d = 0. Calculate the remainder when 100 is divided by t.
32
Suppose 3*h - 84 = 2*b, 93 = 3*h - b - 4*b. What is the remainder when 488 is divided by h?
20
Suppose 10 = -76*a + 81*a. Suppose 0*l + 2*l - 46 = a*o, -2*o = 2*l - 42. Calculate the remainder when l is divided by 13.
9
Let s = 39 - 19. Suppose -96 = -s*a + 16*a. Suppose 5*i - 277 = -47. What is the remainder when i is divided by a?
22
Suppose -5*h + 232 = -m - 444, 0 = h + m - 134. Calculate the remainder when h is divided by 46.
43
Suppose 4*f + 17*f - 2079 = 0. What is the remainder when f is divided by 50?
49
Let y(m) = m**3 + 13*m**2 - 15*m + 33. What is the remainder when y(-12) is divided by 36?
33
Suppose -9*w + 12 = -10*w. Let i = 24 + w. Calculate the remainder when 35 is divided by i.
11
Let b be (-1)/(-4) + 717/12. Let n = 3 - -1. Suppose -s + n*s - b = 0. What is the remainder when 59 is divided by s?
19
What is the remainder when 7 is divided by 4/(-5*(-5)/50) + -4?
3
Let h(k) = 11*k**2 - k. Let z = 6519 - 6376. Calculate the remainder when z is divided by h(-1).
11
Suppose -3*c + 228 = 5*f, -5*f + 2*c - c + 244 = 0. Let l = -31 + f. Let s(x) = -15*x - 79. What is the remainder when s(-12) is divided by l?
16
Suppose 0 = -2*o - 0*y - 4*y + 1832, -3*o + 2769 = -y. Suppose 3*d + 5*k = 672, -4*d + 10*k - 8*k = -o. What is the remainder when d is divided by 23?
22
Let b be 0/((-42)/54 - (-2)/(-9)). Suppose b = -4*v - 5*v + 63. Suppose 70 = 3*g + g + 5*c, -g + 2*c + 24 = 0. What is the remainder when g is divided by v?
6
Suppose 8*z = 5*z - 42. Let m = 21 + z. Calculate the remainder when 11 is divided by m.
4
Let z(q) = -q**2 - 6*q + 1. Suppose r + r = -2*t - 2, 3*r + 23 = t. Let a(m) = m**2 - 9*m + 19. What is the remainder when z(r) is divided by a(6)?
0
Let d = -1947 - -2465. Calculate the remainder when d is divided by 18.
14
Let s = 449 - 385. What is the remainder when 444 is divided by s?
60
Suppose -809 = -20*d + 3411. What is the remainder when d is divided by 12?
7
Let t = 255 + -241. Calculate the remainder when t is divided by 8.
6
Suppose -c - 5 = -2*f, -f = -4*c - 0 + 8. Let m(k) = -k**3 + 6*k**2 - 2*k - 3. Calculate the remainder when 103 is divided by m(f).
19
Let s(h) = -h**3 + 8*h**2 - 9*h + 2. Let t(o) = -o - 9. Let f be t(-15). Calculate the remainder when ((-29)/2)/((-3)/12) is divided by s(f).
18
Let l = 10 + -7. Suppose -8 = -l*q + 7. What is the remainder when 2 - q - 29*-1 is divided by 7?
5
Suppose -285 = -46*m + 41*m. Calculate the remainder when m is divided by 20.
17
Let f(c) = c**3 - 13*c**2 - 10*c + 1. Suppose 5*o - 36 - 34 = 0. Calculate the remainder when f(o) is divided by 15.
12
Suppose -3*l + 7 = -17. What is the remainder when 10 is divided by l?
2
Calculate the remainder when 30 is divided by 48/(-9)*2/((-12)/9).
6
Let k = -45 + 6. Let y = k - -171. Calculate the remainder when y is divided by 27.
24
Suppose -t - 6 + 2 = 0, -4*o = -3*t - 384. Calculate the remainder when o is divided by 16.
13
Suppose 16*q = 15*q + 113. Let o = -67 + q. Let y(s) = s**3 + 7*s**2 - 3*s - 4. Calculate the remainder when o is divided by y(-7).
12
Suppose b + b - 14 = 0. Let c(k) = -k**3 - 4*k**2 + 26*k - 9. Calculate the remainder when c(-8) is divided by b.
4
Let i = 49 + -46. Suppose n - i*n = -84. Wh